+ 51. Let t be o(v). What is l(t)?
-1
Let j be -3*(-3 - 12/(-2)). Let b(n) = -n**3 - 9*n**2 - n - 9. Let i be b(j). Let a(g) = g - 6*g**2 + i*g + 20 - g**3 - 13. Give a(-6).
1
Let n be ((-16)/10)/(-4)*-20. Let i(s) = -7*s - 52. What is i(n)?
4
Let d(s) = -3*s - 4. Let j(p) = p**3 + 2*p**2 - 2*p - 3. Let n(b) = b**3 + 2*b**2 - 2. Let a be n(-2). Let r be j(a). Suppose 2*k = -5 - r. Determine d(k).
5
Suppose 142 - 174 = -8*t. Let w(x) = x**3 - 2*x**2 + 2*x - 5. Give w(t).
35
Let g(a) = 2*a**2 + 5 + 4 - 2229*a + 12 + 2166*a + 4. What is g(31)?
-6
Suppose 2*y - 6 = y. Let l(m) = 4*m + 2*m + 2 - 1333*m**2 - m**3 - 1 + 1338*m**2. Give l(y).
1
Let q(h) = 2*h**2 - 3*h + 2. Suppose -6*c = 6*c - 12. What is q(c)?
1
Let l(g) = -7*g + 0 + 1 + 6*g. Let i(n) = -n**3 - 2*n**2 + 3*n + 3. Let d be i(-2). Determine l(d).
4
Suppose 4*m - 94 = y - 98, 4*y + 2*m - 16 = 0. Suppose -3*v = -2*v - 6. Let i(l) = 0 + v*l - 2 - 6*l + l**2. Determine i(y).
14
Let x(u) be the third derivative of u**5/60 - 11*u**3/2 + 2*u**2 - 17*u. Give x(0).
-33
Let v(g) = g**3 - 2*g**2 - 2*g - 1. Let u(x) = 124 + 2*x + 2*x - 117. Let j be u(-3). Let f(p) = -p - 6. Let m be f(j). Give v(m).
-2
Let y(l) = 10*l - 118. Let t be y(11). Let p(q) be the second derivative of -1/6*q**3 + q - 6*q**2 + 0. Calculate p(t).
-4
Let s = -3 + 6. Let q(i) = 3*i**2 - 7*i**2 - 5*i - 3*i**s - i**2 + 2*i**3 - 6. Let f = 3 + -7. Calculate q(f).
-2
Let t(h) = 3 + 18 - 3*h + 2 - 17. Calculate t(2).
0
Let z be (((-6)/(-9) + -1)*0)/(-1). Suppose 3*b - 2*q + 6 = 0, b + 2*b - 5*q + 6 = z. Let g(v) = 2*v**2 + 3*v + 3. Give g(b).
5
Let k = -1243 + 1237. Let w(r) = r**2 + 19*r + 81. Give w(k).
3
Let q be 14/12*2 + 9/(-27). Let m(z) = 8*z + q + 12*z + 14*z - 33*z. Calculate m(3).
5
Let m(q) = q**3 + 2*q**2 - q - 2. Let c be m(-2). Let v(p) be the second derivative of -p**3/6 + 7*p**2/2 + 70*p. Give v(c).
7
Let c(a) = a + 2. Let r(w) = -w - 3. Let n(q) = 4*c(q) + 3*r(q). Let z = -128 - -132. Let j(p) = p**3 - 5*p + 2. Let d(k) = z*n(k) + j(k). What is d(2)?
4
Let f be (-12)/2*(-10)/30. Let s(d) = 5 + 7*d**3 + f*d**3 - 8*d**3 - 5*d + 4*d**2. Give s(-5).
5
Let r = -46 + 50. Let p(i) = r*i + 0*i + 4 - 5*i. Determine p(9).
-5
Let n = 8 - 6. Let f be (16/(-6))/(50/(-2025)). Let j(r) = -2*r**2 + 111 - 3*r - r**2 - r - f. Calculate j(n).
-17
Let b = 36 + -34. Suppose 5*f = f - 5*h + 9, -6 = -b*f - 4*h. Let s(i) = -5*i + 1. What is s(f)?
-4
Let l(j) = j - 4. Let p(o) = -4*o - 2. Let r(f) = 7*f + 4. Let c(a) = 5*p(a) + 3*r(a). Let z be (1 + (-1)/(-3))*-3 - -8. Let t be c(z). Calculate l(t).
2
Let f(a) = a - 1. Suppose 2*g - 5 - 27 = -2*r, 2*g + 48 = 3*r. Suppose -2*u - r = -2*k, -4*k = 17 - 29. Give f(u).
-6
Let c be (-2 - -3)*-2 - -1 - -5. Let y(g) = -2*g**2 + g. Calculate y(c).
-28
Let h be (0 + 6/9)*6. Let o(f) = -3*f**2 + h - f + 5*f + f**2. Suppose 7*z = 42 - 14. Calculate o(z).
-12
Suppose 5*h = -4*k + 57, 3*h = -3*k + 4*h + 38. Suppose -10*a - 3*a + k = 0. Let w(s) = 6*s**2 - 1. What is w(a)?
5
Suppose 0 = 2*w - 2*q + 88, 3*w + 132 = -0*w + 4*q. Let s be 6/(-4)*w/11. Let m(g) = 0*g**2 + 5*g - 3*g**3 + 6 + 4*g**3 - g - 7*g**2. What is m(s)?
-6
Let n(s) = -3*s**3 - 139 + 2*s**2 - 3*s + 68 + 78. Let g(d) = d**3 - d**2 + d - 3. Let z(j) = -5*g(j) - 2*n(j). What is z(-2)?
-5
Let z(m) = -6*m + 4. Suppose 0 = -3*c + f + 7, -10*c + 5*f = -7*c - 11. Give z(c).
-8
Let r(v) be the third derivative of -v**5/30 - v**4/12 + v**3/3 - 2*v**2. Let n(u) = 5 + 4*u - u**2 - 7*u - 7. Let h be n(0). Give r(h).
-2
Let k(g) = -4*g - 5. Let t be k(-4). Suppose -3*b = 7 + t. Let f = b + 3. Let s(d) = -4*d. Give s(f).
12
Let z(s) = s**2 - 8*s - 11. Let m = 65 - 44. Suppose 4*n + m = f, 5*f = n + 24 + 24. Let g be z(f). Let y(i) = i**3 + i**2 - i - 1. Determine y(g).
-3
Suppose 4*b = 4*a - 52, b - a + 21 = -b. Let c(s) = s**2 + 2*s - 9. Give c(b).
39
Let j(f) = f**3 - f**2 - f + 8. Suppose -k = -3*i + 8, 0 = 6*k - 11*k + 5*i. Determine j(k).
52
Let w(j) = -4*j + 0 + 1 + 0. Let g(v) = v**3 - 13*v**2 - 2*v + 27. Let u be g(13). Calculate w(u).
-3
Let m(q) = 1 + 2 + 2*q + 1 - 1. Determine m(4).
11
Suppose -m - 48 = 5*m. Let g(o) = -12*o + o**2 + 10*o - 6 + 3*o + 5*o + 2*o. What is g(m)?
-6
Let m(k) = k**3 + 2*k**2 - 4*k - 4. Let d be -9*(-3)/9 - 3. Suppose 0*s - 3*s - 9 = d. Calculate m(s).
-1
Let o(m) = -m**2 + 8*m - 7. Let x be o(8). Let l(u) be the third derivative of u**6/120 + u**5/10 - u**4/3 + 2*u**3/3 + 283*u**2. What is l(x)?
11
Let t(b) = b**2 - 8*b - 11. Let x be (-2)/15 - -1*(-548)/(-60). Calculate t(x).
-2
Let c(h) = -274*h + 18 + 277*h - 22. Give c(4).
8
Suppose 3*x = 2*x + 8. Let n = 8 - x. Let z(s) = 7 + 0 + 3*s + n*s - 2*s. Calculate z(0).
7
Suppose 15*y + 17 - 167 = 0. Let w(a) = -a**2 + 4*a + 14. What is w(y)?
-46
Let j(m) = 16 + 5*m + 6*m - m + 5*m**3 - 2*m**3 - 15*m**2 - 2*m**3. Calculate j(14).
-40
Let y(o) = -4*o - o**2 + 1 - 1. Let a = -34 - -37. Let b(k) = -5*k + 11. Let p be b(a). What is y(p)?
0
Let o(m) = 22*m - 170. Let r be o(7). Let f(c) = -c**3 - 17*c**2 - 15*c - 5. What is f(r)?
-21
Let v(p) = p**2 + 14*p + 5. Suppose -3*x - o - 43 = 0, 3 = -x + 5*o - 6. Calculate v(x).
5
Let f be (2/(-3))/(-5 + (-824)/(-168)). Let q(j) = -j**3 + 4*j**2 + 15*j + 10. What is q(f)?
-32
Let k(d) = 3*d - 11. Suppose 2309*s - 72 = 2300*s. Determine k(s).
13
Let c(i) = -15*i**2 + 4*i + 3. Let y(x) = -5*x + 25 + 7*x**2 - 29 + 9*x**2. Let r(g) = -4*c(g) - 3*y(g). Let a = -1 + 2. What is r(a)?
11
Let m = -24 - -51. Suppose 5*u - m = -0*s - s, -s + 7 = u. Let o(z) = -23 - 5*z**s + 23. Determine o(-1).
-5
Let t(n) = n**3 - n. Let k(a) = -2*a**2 - a. Let y(p) = k(p) + 2*t(p). Give y(3).
27
Let x(n) = -n**2 - n**3 - 6*n**2 + 1 - 7*n + 2*n. Let a be (-98)/56 + 1/(-4)*17. Give x(a).
-5
Let n(m) be the first derivative of -1/3*m**3 + 28 + 0*m**2 + 3*m. Give n(3).
-6
Let v(f) = -f**3 + 5*f**2 - 4*f + 6. Let q(c) = 2*c**3 + 3*c**2 - 5*c - 5. Let r be q(-4). Let x = r - -69. What is v(x)?
6
Let t(f) be the third derivative of -f**4/24 + 2*f**2. Let u = 45 + -50. Let g(h) = -2*h - 8. Let o be g(u). Give t(o).
-2
Let l(x) = x**3 - 2*x**2 - 4*x. Suppose 3*q - q = -4. Suppose 4*s + 6 = -6. Let g be (9/s)/(2/q). What is l(g)?
-3
Let z(l) = 3*l**2 - 5*l + 6. Let u(h) = h**3 + 41*h**2 - 42*h + 2. Let s be u(-42). Calculate z(s).
8
Let y(b) = 8*b**2 + 2 - 5*b**2 + 1099*b - 1098*b. What is y(-2)?
12
Let u be -16*((-7)/(-56))/(3/12). Let q(t) = t**3 + 8*t**2 - 2*t + 3. Determine q(u).
19
Let u(f) = f**3 - 9*f**2 + 7*f + 3. Suppose 0*w = -5*v + w + 35, 5*v = 2*w + 30. Calculate u(v).
-5
Let q(s) = s**2 - 9*s + 9. Let m(y) = -y**2 + 5*y - 5. Let x(i) = 11*m(i) + 6*q(i). Suppose -136*b + 82*b + 108 = 0. Calculate x(b).
-19
Let m = -606 - -599. Let a(b) = 3*b + 24. Give a(m).
3
Let r(k) = 2*k**3 - 5*k**2 + 13*k + 10. Let g(o) = -o**3 + 6*o**2 - 12*o - 8. Let v(b) = -3*g(b) - 2*r(b). Calculate v(-9).
-5
Let t(f) be the first derivative of -1 - 3/2*f**2 + 6*f. Let y(h) = -34*h - 233. Let j be y(-7). Give t(j).
-9
Let z(l) = l**2 + l - 2. Let p(d) = 3*d + 1. Let s be p(1). Suppose 0 = -38*m + 87 + 179. Suppose s*n + m = -1. Calculate z(n).
0
Suppose 10 = 2*j, -4*j + 20 + 12 = 3*x. Let c be 96/18*3/x. Let b(p) = p - 2. Determine b(c).
2
Let k(a) = -a**3 + 4*a**2 - 4*a - 1. Let u be (-104)/312*-9*1. Calculate k(u).
-4
Let j = 34 - 32. Suppose 0*z + j*z - 4 = 0. Suppose 4*m = 5*s - 2*s - 11, -z*m = 4. Let t(y) = -2*y**2 - y + 1. Give t(s).
-2
Let c be -2*3/(-3*2). Let a(y) = -c - 2*y**3 + y - y - 4*y**3. Let z(j) = 2*j - 7. Let b be z(3). Determine a(b).
5
Let d(u) = 4*u - 3. Suppose -16*l - 4*l = 100. What is d(l)?
-23
Suppose 0 = -4*c + 22*i - 23*i - 11, -c + i - 4 = 0. Let q(x) = 4*x**2 - x. Calculate q(c).
39
Let q be 6/15 - (-8)/(-20). Suppose 0*b = -3*b + 9. Let i(k) = -k**2 - k + 0*k**b + 0 - k**3 - 5. Determine i(q).
-5
Let f(m) = 10*m - 34. Suppose 0 = 85*n + 20 - 360. What is f(n)?
6
Suppose j = 2*b + 1, -b = -j + 3*b + 9. Let v(f) = -f**3 - 8*f**2 - 4*f + 5. What is v(j)?
-16
Suppose s + 9 = 4*s. Let k(m) = -2*m**2 + 0 + 3*m**2 - s*m - 3. Let h = 19746 - 19743. What is k(h)?
-3
Suppose 4*j = 8*k - 3*k - 77, -3*k = 2*j + 11. Let a(h) = h**2 + 15*h + 14. Determine a(j).
-12
Let w(h) = -2*h**2 + 12. Let z = -1659 - -1662. Determine w(z).
-6
Let p(v) = 18 + v**2 -